Determine i(-1).
-136
Let v(l) = -987*l + 86856. What is v(88)?
0
Let b(a) = -a**3 - 20*a**2 + 94*a + 2194. Give b(-19).
47
Let p(n) = 5204*n + 536010. Give p(-103).
-2
Let o(h) = -3*h**2 - 54*h - 93. Determine o(-15).
42
Let y(t) = -t**3 - 11*t**2 + 2*t - 2. What is y(-11)?
-24
Let m(u) = 40*u + 601. What is m(-18)?
-119
Let n(z) = z**2 - 4*z - 60. Give n(0).
-60
Let y(g) = -g**3 - 16*g**2 - 31*g + 43. Calculate y(-13).
-61
Let t(p) = 350*p - 1524. Determine t(4).
-124
Let i(w) = -8*w**2 + 93*w - 259. Determine i(7).
0
Let i(z) = -182*z + 150. What is i(1)?
-32
Let u(n) = 2*n**2 + 68*n + 15. Calculate u(-34).
15
Let x(r) = 11112*r - 11109. Calculate x(1).
3
Let n(o) = 78*o**3 - 17*o + 17. Give n(1).
78
Let m(x) = -20*x + 84. What is m(4)?
4
Let u(s) = -273*s - 5190. Give u(-19).
-3
Let q(w) = 27*w**2 - 71*w - 32. Determine q(3).
-2
Let y(r) = -12*r - 267. Give y(-3).
-231
Let x(n) = -3*n**3 + 42*n**2 + 202*n + 3. Give x(-4).
59
Let g(q) = -715*q - 152301. Give g(-213).
-6
Let z(q) = -8*q**2 + 88*q - 161. What is z(12)?
-257
Let g(j) = -4*j**2 + 18*j - 93. What is g(4)?
-85
Let u(m) = -28*m**2 + 105*m + 26. Calculate u(6).
-352
Let u(v) = -26788*v - 535765. Give u(-20).
-5
Let f(z) = -206*z - 922. Determine f(-4).
-98
Let g(d) = -251*d - 6731. What is g(-27)?
46
Let n(y) = -297*y - 3339. Give n(-11).
-72
Let z(k) = k**3 - 9*k**2 + 108*k - 1400. Determine z(11).
30
Let x(s) = 16*s**2 + 5*s + 7. What is x(-2)?
61
Let o(s) = -125*s - 6872. Determine o(-55).
3
Let p(i) = 6*i**3 + 6*i**2 - 10*i - 6. Calculate p(-4).
-254
Let g(x) = -3*x**2 - 90*x - 361. Calculate g(-33).
-658
Let r(s) = -111*s - 12. Calculate r(4).
-456
Let i(a) = 31*a + 1164. Calculate i(-36).
48
Let y(b) = -143*b - 1402. Calculate y(-10).
28
Let l(b) = 22*b - 1240. Determine l(48).
-184
Let a(m) = 39*m - 2392. What is a(66)?
182
Let j(o) = -o**3 - 21*o - 129. Give j(0).
-129
Let i(f) = 2*f**2 + 7*f + 18. What is i(-6)?
48
Let h(s) = s**3 - 4*s**2 - 13*s + 2. Determine h(6).
-4
Let b(w) = 259*w + 4655. Calculate b(-18).
-7
Let w(n) = -6*n**2 + 33*n - 38. What is w(6)?
-56
Let c(n) = -5128*n + 123073. Determine c(24).
1
Let k(o) = o**2 - 22*o - 666. Give k(-17).
-3
Let m(b) = 2*b**3 + 17*b**2 + 19*b - 12. Calculate m(-7).
2
Let c(s) = 1368*s + 255. What is c(-1)?
-1113
Let u(r) = 2*r**2 - 163*r + 1108. Give u(74).
-2
Let a(j) = -43*j - 3862. Give a(-90).
8
Let r(d) = -d**3 - 37*d**2 + 82*d + 8. What is r(-39)?
-148
Let r(p) = -132*p - 1092. Calculate r(-9).
96
Let s(v) = -398*v - 5967. Determine s(-15).
3
Let l(o) = 17*o**2 + 60*o - 60. What is l(1)?
17
Let k(a) = -a**3 - 41*a**2 - 263*a + 47. What is k(-33)?
14
Let a(h) = -2*h**3 + 36*h**2 + 291*h + 1473. Determine a(25).
-2
Let w(p) = -p**3 + 14*p**2 + 261*p - 151. Give w(-11).
3
Let c(h) = 3*h**2 + 26*h + 28. Calculate c(-19).
617
Let m(l) = l**2 - 83*l - 934. What is m(-10)?
-4
Let u(t) = -t**2 - 83*t + 928. What is u(-93)?
-2
Let u(i) = i**2 - 24*i - 113. What is u(-4)?
-1
Let r(q) = -162*q - 1. Calculate r(0).
-1
Let k(g) = 4*g**3 - 42*g**2 + 17*g + 4. What is k(10)?
-26
Let s(a) = -32*a**3 - 162*a**2 - 5*a + 10. Determine s(-5).
-15
Let i(b) = 3*b**2 + 28*b - 196. Give i(-14).
0
Let z(h) = -17*h - 199. Calculate z(-23).
192
Let m(d) = 3009*d - 123372. Determine m(41).
-3
Let v(m) = 192*m + 131. Calculate v(0).
131
Let i(n) = 4*n + 107. Give i(10).
147
Let s(w) = -167*w**2 - 2*w + 3. What is s(1)?
-166
Let i(s) = -3*s**3 - 578*s**2 + 90*s - 19880. Calculate i(-193).
-1
Let d(a) = -59*a + 3642. Give d(61).
43
Let c(v) = 4909*v + 4. Calculate c(0).
4
Let x(f) = -f**3 + 3*f**2 + 45*f - 30. Calculate x(8).
10
Let i(a) = -a**2 + 52*a + 28. Calculate i(53).
-25
Let y(b) = -429*b + 844. What is y(2)?
-14
Let j(u) = 53*u - 307. Determine j(6).
11
Let a(l) = -4*l**2 - 609*l + 1713. Give a(-155).
8
Let n(l) = -53*l**2 - 585*l - 586. Give n(-1).
-54
Let m(r) = -r**3 + 50*r**2 + 346*r - 555. Give m(56).
5
Let k(o) = o**2 + 45*o - 139. Give k(3).
5
Let q(a) = -71*a - 1277. Give q(-18).
1
Let x(o) = 172*o + 15143. What is x(-88)?
7
Let l(x) = -2*x**2 + 27*x + 808. What is l(28)?
-4
Let h(q) = -q**2 + 10*q + 16. Give h(8).
32
Let c(d) = 97*d - 304. Calculate c(3).
-13
Let i(f) = -f**2 - 3*f + 417. Determine i(-22).
-1
Let o(h) = 3*h - 296. What is o(-39)?
-413
Let d(l) = 25*l + 40. Determine d(-6).
-110
Let f(j) = -j**3 - 54*j**2 + 15*j + 766. Calculate f(-54).
-44
Let m(z) = -z**2 - 95*z + 3841. Calculate m(29).
245
Let k(v) = v**3 + 13*v**2 - 30*v - 230. Calculate k(-14).
-6
Let n(a) = -6*a**2 - 36*a + 326. What is n(-11)?
-4
Let r(c) = 297*c + 1168. Give r(-4).
-20
Let v(q) = -62*q**2 - 15*q + 14. Calculate v(1).
-63
Let g(u) = -4*u**2 - 180*u + 42. Determine g(-44).
218
Let t(a) = 7*a**3 - 15*a**2 + a + 4. What is t(2)?
2
Let g(h) = 15*h - 415. Calculate g(-6).
-505
Let v(b) = b**3 - 6*b**2 - 10*b + 17. What is v(7)?
-4
Let u(t) = t**3 - 59*t**2 - 131*t + 560. Give u(61).
11
Let b(d) = d**2 - 49*d + 288. Determine b(8).
-40
Let p(r) = 942*r + 87603. Calculate p(-93).
-3
Let m(p) = 96*p - 3282. What is m(33)?
-114
Let f(l) = 2*l**3 - 111*l**2 - 169*l - 104. Determine f(57).
10
Let x(t) = -4*t**2 + 26*t - 22. Give x(10).
-162
Let s(m) = 12*m + 9. Determine s(5).
69
Let t(r) = -r**3 + 9*r**2 - 16*r + 109. Determine t(8).
45
Let w(k) = 241*k - 1595. Calculate w(7).
92
Let a(q) = 4*q**2 + 421*q + 108. Give a(-105).
3
Let r(q) = -q**2 + 71*q + 6191. Calculate r(122).
-31
Let j(r) = 8*r**2 - 66*r + 254. Give j(7).
184
Let g(p) = -2*p**2 + 45*p + 1240. Give g(40).
-160
Let y(u) = -2*u**2 - 27*u + 606. Calculate y(12).
-6
Let w(t) = 326*t**2 - 1627*t - 13. Determine w(5).
2
Let q(g) = g**3 - 5*g**2 - 54*g - 14. Give q(11).
118
Let x(b) = 9*b**2 - 99*b + 1. What is x(14)?
379
Let o(s) = -s**2 + 54*s + 5695. Give o(107).
24
Let k(l) = -152*l - 2141. What is k(-14)?
-13
Let y(j) = j**3 - 14*j**2 - 39*j + 112. What is y(16)?
0
Let c(h) = h**3 - 118*h**2 + 115*h + 249. Give c(117).
15
Let w(v) = 122*v + 516. Give w(-4).
28
Let k(t) = -33*t**2 - 497*t - 8. What is k(-15)?
22
Let t(r) = 2*r**2 + 18*r + 75. Give t(-8).
59
Let h(f) = -f**3 - 12*f**2 - 26*f - 47. What is h(-9)?
-56
Let m(b) = -10*b**2 + 252*b + 41. Give m(26).
-167
Let f(a) = 34*a + 602. What is f(-18)?
-10
Let w(t) = 9001*t - 495050. Calculate w(55).
5
Let b(v) = v**2 - 49*v + 408. Give b(9).
48
Let f(r) = -r**3 - 10*r**2 - 29*r - 97. Give f(-8).
7
Let a(c) = c**3 - 49*c**2 + 45*c + 134. Calculate a(48).
-10
Let r(l) = l**3 - 16*l**2 + 8*l + 68. Give r(14).
-212
Let f(i) = -3*i**3 - 5*i**2 + 8*i - 5. Give f(-5).
205
Let n(x) = -2*x**3 + 329*x**2 + 832*x + 458. Give n(167).
-43
Let d(s) = 8*s - 131. Calculate d(19).
21
Let q(s) = -s**2 - 43*s + 54. Give q(-43).
54
Let h(s) = -s**3 + 8*s**2 - 3*s + 3. Give h(0).
3
Let j(x) = 15*x - 83. Give j(3).
-38
Let p(k) = 5*k**2 - 269*k + 1310. Determine p(5).
90
Let o(j) = j**3 + 6*j**2 + 118*j + 434. Calculate o(-4).
-6
Let d(k) = k**3 + 13*k**2 - 118*k - 1550. What is d(-11)?
-10
Let m(w) = -w**2 - 822*w + 7499. Determine m(9).
20
Let d(b) = 55*b**2 - 605*b - 1. Determine d(11).
-1
Let v(t) = -29*t - 18. Give v(-3).
69
Let b(p) = -2*p**3 + 52*p**2 - 7. What is b(26)?
-7
Let i(f) = -f**3 - 61*f**2 - 106*f + 440. Give i(-59).
-268
Let b(w) = -2*w**2 + 53*w + 3. Give b(27).
-24
Let i(f) = 126*f - 861. Calculate i(6).
-105
Let x(g) = 8*g**3 + g**2 + 15*g + 22. What is x(-2)?
-68
Let c(h) = 3*h**2 + 3*h - 20. Give c(9).
250
Let v(d) = 24*d - 480. Calculate v(19).
-24
Let k(f) = 224*f + 3148. What is k(-14)?
12
Let f(n) = -13*n**2 + 154*n - 123. Determine f(13).
-318
Let z(h) = 2*h**2 - 335*h + 3006. What is z(158)?
4
Let h(u) = 11*u**3 - 78*u**2 + 10*u + 16. What is h(8)?
736
Let x(z) = -z**3 + 2*z**2 + 405*z + 81. What is x(-19)?
-33
Let g(f) = -5*f**2 + 22*f + 38. What is g(9)?
-169
Let w(h) = h**2 - 3*h - 554. What is w(25)?
-4
Let f(r) = r**2 + 32*r + 260. Give f(-17).
5
Let c(l) = -l**3 + 30*l**2 + 32*l - 2. Calculate c(31).
29
Let q(m) = 859*m + 177822. Determine q(-207).
9
Let q(g) = -g**3 - 23*g**2 - 16*g - 352. Calculate q(-23).
16
Let k(j) = -24*j**2 + 316*j - 54. Determine k(13).
-2
Let w(o) = -o**3 - 50*o**2 + 49*o + 3. Determine w(-51).
105
Let i(y) = y**3 + 17*y**2 + 404*y + 2658. Calculate i(-8).
2
Let m(i) = 86*i + 9782. Calculate 